et h(n) = -n**3 - 7*n**2 - 2*n - 6. Let a be h(-7). Let c = a - 3. Let m(b) = b**3 + 11*b**2 + 8. Calculate the remainder when m(-11) is divided by c.
3
Let b = 2 + -1. Let a be (1 - -2)*40/60. Suppose a*o + b = 27. Calculate the remainder when 25 is divided by o.
12
Let u(n) = -n + 4. Calculate the remainder when 70 is divided by u(-14).
16
Let i = 83 - 31. Calculate the remainder when i is divided by 14.
10
Suppose -356 - 355 = -9*a. What is the remainder when a is divided by 20?
19
Suppose 35 = -r - 3*r + 5*a, 3*a = 3*r + 24. What is the remainder when 8 is divided by ((-20)/2)/(r - -3)?
3
Suppose 3 = l, 0 = -2*v - 0*l - 5*l + 23. Suppose -p - v*p = -100. Calculate the remainder when 57 is divided by p.
17
Let t(o) = -8*o**2 - 3*o - 2. Let f be t(-2). What is the remainder when (-920)/f + (-1)/(-7) is divided by 9?
6
Let c(f) = -f**3 - 5*f**2 - 6*f + 7. Suppose 3*t = -14 + 2. What is the remainder when c(-5) is divided by 52/((-16)/t)*1?
11
Let g = 38 - 17. What is the remainder when (5/(-1) - -4)/1*-81 is divided by g?
18
Let m(p) = p**2 - 8*p + 7. Let l be m(7). Suppose 4*s - 10 = -s, l = 2*t + 3*s - 86. Let z = t - 14. What is the remainder when z is divided by 14?
12
Suppose k + 4*j - 32 = -3*k, -2*k + 13 = 3*j. Let m = 63 + -31. What is the remainder when m is divided by k?
10
Suppose 3*y = 3*w - 30, 0*w = -5*w - y + 80. Let a be 3 - 3 - (-1 + 0). Let p(s) = 8*s**3 - s**2 + 2*s - 1. Calculate the remainder when w is divided by p(a).
7
Suppose -o + 3*o + 3*y - 25 = 0, o - 5*y + 20 = 0. Let c = o - 5. Suppose c = -2*u - 2 + 30. Calculate the remainder when 40 is divided by u.
12
Let r(k) = 2*k**3 - 2*k + 1. Calculate the remainder when r(1) is divided by (-2)/(-8) - (-6)/8.
0
Suppose 0 = 5*a + 6 - 156. Let d = 453 - 334. Calculate the remainder when d is divided by a.
29
Let u = -8 + 11. Suppose -o = 5*q - 31, 3*o = -5*q + u + 20. What is the remainder when 26 is divided by q?
5
Let n = 297 + -144. Suppose -n = -4*d - a, -2*a = -5*d + 2*a + 186. Calculate the remainder when d is divided by 13.
12
Suppose 86 = 3*a + 2. Calculate the remainder when 106 is divided by a.
22
Calculate the remainder when (3 - 2) + 2*27 is divided by 19.
17
Let b be (1/3)/((-3)/(-36)). Suppose 3*k = -c + 41, 2*k + b*c = -2*k + 68. What is the remainder when 46 is divided by k?
10
Suppose 5*g = 4*g - 6. Let t(b) = -b**3 - 4*b**2 + 6*b + 7. What is the remainder when t(g) is divided by 11?
10
Suppose 116 = -c + 159. What is the remainder when 125 is divided by c?
39
Let d be (31 + -9)/(2*-1). Suppose -5*i + 118 - 13 = 0. Let m = d + i. What is the remainder when 19 is divided by m?
9
Let p be (-8)/(-12)*3/2. Let k(v) = 30*v - 1. Calculate the remainder when k(p) is divided by 15.
14
Let s = 70 + -61. What is the remainder when s is divided by 2?
1
Suppose -2*c = -5*g - c + 367, 5*c = 2*g - 156. Calculate the remainder when g is divided by 19.
16
What is the remainder when 67 is divided by (-270)/(-8) - 3/(-12)?
33
Suppose -4*j = -4*y - 12 - 20, j + 4*y = 18. Let t = 1 - -1. Suppose t*m - 2 = 0, -2*m - 9 = 4*o - 27. What is the remainder when j is divided by o?
2
Suppose -2*y - 4*y + 468 = 0. What is the remainder when y is divided by 20?
18
Suppose -x - 17 = -2*y, y - 3 = 3*y - 5*x. What is the remainder when 43 is divided by y?
10
Let w = -3 + 23. What is the remainder when w is divided by 11?
9
Calculate the remainder when 6/(2 + (-144)/76) is divided by 29.
28
Suppose -3*i = -25 - 2. Calculate the remainder when 33 is divided by i.
6
Let z be 2/(2/3) + 0. Suppose -r - z = -11. Calculate the remainder when 13 is divided by r.
5
Let y(f) = -f**2 - 9*f - 6. Let u be -2 - -3*(-2 - -3). Calculate the remainder when u + (1 - -19) - -2 is divided by y(-6).
11
Let q(b) = -b**3 - 8*b**2 - 9*b - 6. Let w be q(-7). Suppose -115 = -w*r + 3*r. What is the remainder when r is divided by 8?
7
Suppose 5*v + 4*q + 56 = 0, 0 = 5*q - 6 + 26. Suppose 171 = 5*y + 31. Let k = v + y. What is the remainder when k is divided by 11?
9
Suppose 4*g - 9 - 3 = 0. What is the remainder when (g/(-3))/(2/(-60)) is divided by 16?
14
Let k = -51 + 72. Calculate the remainder when k is divided by 12.
9
Let t(s) = -s**3 + s**2 - s + 1. Let i(h) = 10*h - 1. Calculate the remainder when t(-2) is divided by i(1).
6
Let i = 73 + -42. Let y be (-1 + -4)/(-1 - -2). What is the remainder when i is divided by ((-12)/y)/((-3)/(-20))?
15
Let z be (-14 + -1)*(-8)/6. Let b be (-2 - z/(-6))*3. Suppose 0*j + b = j. What is the remainder when 6 is divided by j?
2
Let f(s) = s**3 + 9*s**2 - 11*s - 5. What is the remainder when (1*36)/2*1 is divided by f(-10)?
3
Let d be 275/4 - (-5)/20. Let j = d - 46. Calculate the remainder when j is divided by 6.
5
Suppose 0*p + 12 = 2*h - 2*p, 3*h - 26 = -5*p. Let q = 8 - h. Calculate the remainder when 3 is divided by q.
0
Let q(y) = y**3 + 1. Let x = -40 + 42. What is the remainder when x is divided by q(1)?
0
Let c = -29 - -43. Suppose -5*p + 4*t - 221 = 0, -5*p - 3*t - 215 - 13 = 0. Let u = -5 - p. Calculate the remainder when u is divided by c.
12
Suppose 3*c - 5 = 2*c. Calculate the remainder when 132/15 - 5/(-25) is divided by c.
4
Suppose -8*m = -3*m + 165. Let p = -17 - m. Calculate the remainder when 61 is divided by p.
13
Let j(y) = 31*y + 13. Let h be j(9). Suppose -3*b + 212 = 5*u, u + u - h = -4*b. Suppose -5*f + b + 1 = 0. What is the remainder when 28 is divided by f?
13
Suppose -5*q = -4*p - 66, 0*q - 54 = -5*q + p. What is the remainder when 38 is divided by q?
8
Suppose 12 - 20 = -o. What is the remainder when o is divided by 2?
0
Suppose 4*m - 4*h = -5*h + 153, 4*m - 133 = 3*h. Suppose -2*u - 26 = -4*u. What is the remainder when m is divided by u?
11
What is the remainder when (-6)/(-4)*(-228)/(-9) is divided by ((-4)/8)/(2/(-80))?
18
Let f = -37 + 98. What is the remainder when f is divided by 32?
29
Suppose l - 5*z = -l + 76, 5*z = -l + 53. What is the remainder when l is divided by 15?
13
Let z = 64 - -6. What is the remainder when z is divided by 6?
4
Suppose -x - 2*i + 28 = 0, 4*x - 163 = -2*i - 27. Let n(q) = q**3 + q**2 - 3*q - 3. Let c be n(-2). What is the remainder when x is divided by (-13)/c + 2 + -2?
10
Suppose -2*a + 8 = 2*a. Let w = 6 + a. Suppose -5*t + 36 = 4*p - 66, t - 16 = -3*p. Calculate the remainder when t is divided by w.
6
Let i(p) = -p**3 - p**2 - 3*p - 1. Let d = 2 + -2. Suppose 17 = h - d*h. What is the remainder when h is divided by i(-2)?
8
Let o(v) be the second derivative of -v**5/20 + 6*v**2 - 4*v. Calculate the remainder when 35 is divided by o(0).
11
Let z(x) = -3*x - 22. What is the remainder when 9 is divided by z(-9)?
4
Suppose -6*v + 84 = -4*v - 4*w, -4*w = 5*v - 154. Calculate the remainder when v is divided by 0/(-1) + 10 + -1.
7
Suppose 2*z - v - 6 = 0, 6 = -0*z + 5*z + 2*v. Suppose 0 = i - z. Calculate the remainder when 28 is divided by (-2 - -2) + 5*i.
8
Suppose -5*q = f - 3 + 8, 0 = 2*q - 5*f - 25. Suppose 7 = 3*a - 5. Suppose q = m - a*m + 18. What is the remainder when 16 is divided by m?
4
Calculate the remainder when 29 is divided by (-2 + 3)/(-2*(-1)/6).
2
Suppose 0 = 4*s - 32 + 12. Suppose -j - 36 = -5*j. What is the remainder when j is divided by s?
4
Let m(g) = -g + 13. Let w be 17/(-3) - (-2)/3. Calculate the remainder when m(6) is divided by (-1)/5 + (-16)/w.
1
Suppose 5*p = -5*y + 20, 3*y - 30 = -5*p - 8. What is the remainder when (-1)/(y + 0)*17 is divided by 6?
5
Let o be 1 + (-1 - 2) + -2. Let n(f) = f**2 + f - 3. Calculate the remainder when (-2)/3*(-1 + -23) is divided by n(o).
7
Let w = 11 - 11. Suppose -5*i + 3*n + 27 = w, -25 = -5*i + n + 4*n. Calculate the remainder when 10 is divided by i.
4
Let i be 4/(0 - 4/(-36)). Suppose 15 = -3*h + i. Calculate the remainder when 19 is divided by h.
5
Suppose -7 = -5*p + k, 5*p - 2 + 7 = 5*k. Suppose -2*m = p*h - 18, -2 = -h - 2*m + 8. Calculate the remainder when -1*(-2 - -3)*-15 is divided by h.
7
Let n be (-10)/(-4) + (-1)/(-2). Suppose 3*a - 240 = n*x, -a + 3*x + 316 = 3*a. Suppose a = -0*j + 4*j. Calculate the remainder when j is divided by 7.
5
Suppose 4*n + n + 25 = 0. Let o(k) = -k**3 - 3*k**2 + 3*k - 5. Let v be o(n). What is the remainder when v/2*(-8)/(-6) is divided by 7?
6
Let z(i) = -i**2 + 18*i - 10. Calculate the remainder when 